{"id":544,"date":"2022-06-06T10:38:04","date_gmt":"2022-06-06T15:38:04","guid":{"rendered":"http:\/\/iedmariainmaculada.edu.co\/?page_id=544"},"modified":"2022-06-06T10:40:37","modified_gmt":"2022-06-06T15:40:37","slug":"vision","status":"publish","type":"page","link":"https:\/\/iedmariainmaculada.edu.co\/?page_id=544","title":{"rendered":"VISION"},"content":{"rendered":"<p>[vc_row css_animation=&#8221;&#8221; row_type=&#8221;row&#8221; use_row_as_full_screen_section=&#8221;no&#8221; type=&#8221;full_width&#8221; angled_section=&#8221;no&#8221; text_align=&#8221;left&#8221; background_image_as_pattern=&#8221;without_pattern&#8221; z_index=&#8221;&#8221; el_class=&#8221;slider-button-shadow&#8221;][vc_column offset=&#8221;vc_col-xs-offset-12&#8243;][rev_slider_vc alias=&#8221;home-slider&#8221;][\/vc_column][\/vc_row][vc_row css_animation=&#8221;&#8221; row_type=&#8221;row&#8221; use_row_as_full_screen_section=&#8221;no&#8221; type=&#8221;grid&#8221; angled_section=&#8221;no&#8221; text_align=&#8221;center&#8221; background_image_as_pattern=&#8221;without_pattern&#8221; padding_top=&#8221;96&#8243; padding_bottom=&#8221;93&#8243; z_index=&#8221;&#8221;][vc_column][vc_column_text]<\/p>\n<h2 style=\"text-align: center;\">VISION<\/h2>\n<p>[\/vc_column_text][vc_column_text]<\/p>\n<p style=\"text-align: justify;\">En el 2025 ocuparemos uno de los primeros 5 lugares entre las Instituciones Educativas oficiales del Distrito de Barranquilla y que con Jornada \u00danica en todos los niveles, logre igualmente reconocimiento nacional por el desempe\u00f1o de sus estudiantes en el campo acad\u00e9mico, cultural, art\u00edstico deportivo, y por la vinculaci\u00f3n de sus egresadas en el campo laboral, proyect\u00e1ndose en su entorno y asumiendo compromisos sociales.<\/p>\n<p>[\/vc_column_text][\/vc_column][\/vc_row][vc_row css_animation=&#8221;&#8221; row_type=&#8221;row&#8221; use_row_as_full_screen_section=&#8221;no&#8221; type=&#8221;full_width&#8221; angled_section=&#8221;no&#8221; text_align=&#8221;left&#8221; background_image_as_pattern=&#8221;without_pattern&#8221;][vc_column][\/vc_column][\/vc_row]<\/p>\n","protected":false},"excerpt":{"rendered":"<p>[vc_row css_animation=&#8221;&#8221; row_type=&#8221;row&#8221; use_row_as_full_screen_section=&#8221;no&#8221; type=&#8221;full_width&#8221; angled_section=&#8221;no&#8221; text_align=&#8221;left&#8221; background_image_as_pattern=&#8221;without_pattern&#8221; z_index=&#8221;&#8221; el_class=&#8221;slider-button-shadow&#8221;][vc_column offset=&#8221;vc_col-xs-offset-12&#8243;][rev_slider_vc alias=&#8221;home-slider&#8221;][\/vc_column][\/vc_row][vc_row css_animation=&#8221;&#8221; row_type=&#8221;row&#8221; use_row_as_full_screen_section=&#8221;no&#8221; type=&#8221;grid&#8221; angled_section=&#8221;no&#8221; text_align=&#8221;center&#8221; background_image_as_pattern=&#8221;without_pattern&#8221; padding_top=&#8221;96&#8243; padding_bottom=&#8221;93&#8243; z_index=&#8221;&#8221;][vc_column][vc_column_text] VISION [\/vc_column_text][vc_column_text] En el 2025 ocuparemos uno de los primeros 5 lugares entre las Instituciones Educativas oficiales del Distrito de Barranquilla y que&#8230;<\/p>\n","protected":false},"author":1,"featured_media":0,"parent":0,"menu_order":0,"comment_status":"closed","ping_status":"closed","template":"full_width.php","meta":{"footnotes":""},"class_list":["post-544","page","type-page","status-publish","hentry"],"_links":{"self":[{"href":"https:\/\/iedmariainmaculada.edu.co\/index.php?rest_route=\/wp\/v2\/pages\/544","targetHints":{"allow":["GET"]}}],"collection":[{"href":"https:\/\/iedmariainmaculada.edu.co\/index.php?rest_route=\/wp\/v2\/pages"}],"about":[{"href":"https:\/\/iedmariainmaculada.edu.co\/index.php?rest_route=\/wp\/v2\/types\/page"}],"author":[{"embeddable":true,"href":"https:\/\/iedmariainmaculada.edu.co\/index.php?rest_route=\/wp\/v2\/users\/1"}],"replies":[{"embeddable":true,"href":"https:\/\/iedmariainmaculada.edu.co\/index.php?rest_route=%2Fwp%2Fv2%2Fcomments&post=544"}],"version-history":[{"count":2,"href":"https:\/\/iedmariainmaculada.edu.co\/index.php?rest_route=\/wp\/v2\/pages\/544\/revisions"}],"predecessor-version":[{"id":547,"href":"https:\/\/iedmariainmaculada.edu.co\/index.php?rest_route=\/wp\/v2\/pages\/544\/revisions\/547"}],"wp:attachment":[{"href":"https:\/\/iedmariainmaculada.edu.co\/index.php?rest_route=%2Fwp%2Fv2%2Fmedia&parent=544"}],"curies":[{"name":"wp","href":"https:\/\/api.w.org\/{rel}","templated":true}]}}