{"id":554,"date":"2022-06-06T10:50:11","date_gmt":"2022-06-06T15:50:11","guid":{"rendered":"http:\/\/iedmariainmaculada.edu.co\/?page_id=554"},"modified":"2022-06-06T17:26:42","modified_gmt":"2022-06-06T22:26:42","slug":"simbolos","status":"publish","type":"page","link":"https:\/\/iedmariainmaculada.edu.co\/?page_id=554","title":{"rendered":"SIMBOLOS"},"content":{"rendered":"<p>[vc_row css_animation=&#8221;&#8221; row_type=&#8221;row&#8221; use_row_as_full_screen_section=&#8221;no&#8221; type=&#8221;grid&#8221; angled_section=&#8221;no&#8221; text_align=&#8221;center&#8221; background_image_as_pattern=&#8221;without_pattern&#8221; padding_top=&#8221;96&#8243; padding_bottom=&#8221;93&#8243; z_index=&#8221;&#8221;][vc_column]<link href=\"https:\/\/fonts.googleapis.com\/css?family=Rubik:700%2Citalic%7COpen+Sans:400\" rel=\"stylesheet\" property=\"stylesheet\" type=\"text\/css\" media=\"all\">\n<div id=\"rev_slider_1_1_wrapper\" class=\"rev_slider_wrapper fullwidthbanner-container\" data-source=\"gallery\" style=\"margin:0px auto;background:#384c77;padding:0px;margin-top:0px;margin-bottom:0px;\">\n<!-- START REVOLUTION SLIDER 5.4.8.3 fullwidth mode -->\n\t<div id=\"rev_slider_1_1\" class=\"rev_slider fullwidthabanner\" style=\"display:none;\" data-version=\"5.4.8.3\">\n<ul>\t<!-- SLIDE  -->\n\t<li data-index=\"rs-7\" data-transition=\"fade,incube-horizontal\" data-slotamount=\"default,default\" data-hideafterloop=\"2\" data-hideslideonmobile=\"off\"  data-easein=\"default,default\" data-easeout=\"default,default\" data-masterspeed=\"300,default\"  data-delay=\"9000\"  data-rotate=\"0,0\"  data-saveperformance=\"off\"  data-title=\"prueba\" data-param1=\"\" data-param2=\"\" data-param3=\"\" data-param4=\"\" data-param5=\"\" data-param6=\"\" data-param7=\"\" data-param8=\"\" data-param9=\"\" data-param10=\"\" data-description=\"\">\n\t\t<!-- MAIN IMAGE -->\n\t\t<img loading=\"lazy\" decoding=\"async\" src=\"https:\/\/iedmariainmaculada.edu.co\/website\/wp-content\/uploads\/2020\/09\/fondo.jpg\"  alt=\"\" title=\"fondo\"  width=\"1920\" height=\"650\" data-bgposition=\"center center\" data-bgfit=\"cover\" data-bgrepeat=\"no-repeat\" data-bgparallax=\"6\" class=\"rev-slidebg\" data-no-retina>\n\t\t<!-- LAYERS -->\n\n\t\t<!-- LAYER NR. 1 -->\n\t\t<div class=\"tp-caption   rs-parallaxlevel-1\" \n\t\t\t id=\"slide-7-layer-2\" \n\t\t\t data-x=\"['center','left','center','center']\" data-hoffset=\"['-157','344','162','4']\" \n\t\t\t data-y=\"['middle','middle','middle','middle']\" data-voffset=\"['-165','-184','-217','-302']\" \n\t\t\t\t\t\tdata-fontsize=\"['80','98','58','33']\"\n\t\t\tdata-lineheight=\"['60','119','69','39']\"\n\t\t\tdata-letterspacing=\"['-3','-2','-2','0']\"\n\t\t\tdata-width=\"none\"\n\t\t\tdata-height=\"none\"\n\t\t\tdata-whitespace=\"nowrap\"\n \n\t\t\tdata-type=\"text\" \n\t\t\tdata-responsive_offset=\"on\" \n\t\t\tdata-responsive=\"off\"\n\t\t\tdata-frames='[{\"delay\":600,\"speed\":500,\"frame\":\"0\",\"from\":\"y:50px;opacity:0;\",\"to\":\"o:1;\",\"ease\":\"Linear.easeNone\"},{\"delay\":\"wait\",\"speed\":300,\"frame\":\"999\",\"to\":\"opacity:0;\",\"ease\":\"nothing\"}]'\n\t\t\tdata-textAlign=\"['inherit','inherit','inherit','inherit']\"\n\t\t\tdata-paddingtop=\"[0,0,0,0]\"\n\t\t\tdata-paddingright=\"[0,0,0,0]\"\n\t\t\tdata-paddingbottom=\"[0,0,0,0]\"\n\t\t\tdata-paddingleft=\"[0,0,0,0]\"\n\n\t\t\tstyle=\"z-index: 5; white-space: nowrap; font-size: 80px; line-height: 60px; font-weight: 700; color: #ffffff; letter-spacing: -3px;font-family:rubik;\">Mar\u00eda <\/div>\n\n\t\t<!-- LAYER NR. 2 -->\n\t\t<div class=\"tp-caption   rs-parallaxlevel-1\" \n\t\t\t id=\"slide-7-layer-4\" \n\t\t\t data-x=\"['center','left','center','center']\" data-hoffset=\"['-135','250','155','5']\" \n\t\t\t data-y=\"['middle','middle','middle','middle']\" data-voffset=\"['-54','-95','-146','-271']\" \n\t\t\t\t\t\tdata-fontsize=\"['80','98','58','33']\"\n\t\t\tdata-lineheight=\"['60','119','59','39']\"\n\t\t\tdata-letterspacing=\"['-3','-2','-2','2']\"\n\t\t\tdata-width=\"['496','none','none','none']\"\n\t\t\tdata-height=\"['131','none','none','none']\"\n\t\t\tdata-whitespace=\"nowrap\"\n \n\t\t\tdata-type=\"text\" \n\t\t\tdata-responsive_offset=\"on\" \n\t\t\tdata-responsive=\"off\"\n\t\t\tdata-frames='[{\"delay\":1000,\"speed\":500,\"frame\":\"0\",\"from\":\"y:50px;opacity:0;\",\"to\":\"o:1;\",\"ease\":\"Power1.easeOut\"},{\"delay\":\"wait\",\"speed\":300,\"frame\":\"999\",\"to\":\"opacity:0;\",\"ease\":\"Power3.easeInOut\"}]'\n\t\t\tdata-textAlign=\"['inherit','inherit','inherit','inherit']\"\n\t\t\tdata-paddingtop=\"[0,0,0,0]\"\n\t\t\tdata-paddingright=\"[0,0,0,0]\"\n\t\t\tdata-paddingbottom=\"[0,0,0,0]\"\n\t\t\tdata-paddingleft=\"[0,0,0,0]\"\n\n\t\t\tstyle=\"z-index: 6; min-width: 496px; max-width: 496px; max-width: 131px; max-width: 131px; white-space: nowrap; font-size: 80px; line-height: 60px; font-weight: 700; color: #ffffff; letter-spacing: -3px;font-family:Rubik;\">Inmaculada <\/div>\n\n\t\t<!-- LAYER NR. 3 -->\n\t\t<div class=\"tp-caption   rs-parallaxlevel-1\" \n\t\t\t id=\"slide-7-layer-5\" \n\t\t\t data-x=\"['left','left','center','center']\" data-hoffset=\"['229','207','154','9']\" \n\t\t\t data-y=\"['middle','middle','middle','middle']\" data-voffset=\"['-19','-7','-66','-243']\" \n\t\t\t\t\t\tdata-fontsize=\"['26','26','20','16']\"\n\t\t\tdata-lineheight=\"['48','38','26','20']\"\n\t\t\tdata-width=\"['543','521','251','224']\"\n\t\t\tdata-height=\"['none','78','73','none']\"\n\t\t\tdata-whitespace=\"normal\"\n \n\t\t\tdata-type=\"text\" \n\t\t\tdata-responsive_offset=\"off\" \n\t\t\tdata-responsive=\"off\"\n\t\t\tdata-frames='[{\"delay\":1200,\"speed\":500,\"frame\":\"0\",\"from\":\"y:50px;opacity:0;\",\"to\":\"o:1;\",\"ease\":\"Power1.easeOut\"},{\"delay\":\"wait\",\"speed\":300,\"frame\":\"999\",\"to\":\"opacity:0;\",\"ease\":\"Power3.easeInOut\"}]'\n\t\t\tdata-textAlign=\"['center','center','center','center']\"\n\t\t\tdata-paddingtop=\"[0,0,0,0]\"\n\t\t\tdata-paddingright=\"[0,0,0,0]\"\n\t\t\tdata-paddingbottom=\"[0,0,0,0]\"\n\t\t\tdata-paddingleft=\"[0,0,0,0]\"\n\n\t\t\tstyle=\"z-index: 7; min-width: 543px; max-width: 543px; white-space: normal; font-size: 26px; line-height: 48px; font-weight: 400; color: #ffffff; letter-spacing: 0px;font-family:Rubik;font-style:italic;\">Dios, Disciplina y Cultura <\/div>\n\n\t\t<!-- LAYER NR. 4 -->\n\t\t<div class=\"tp-caption   tp-resizeme\" \n\t\t\t id=\"slide-7-layer-12\" \n\t\t\t data-x=\"['left','left','left','left']\" data-hoffset=\"['11','11','11','74']\" \n\t\t\t data-y=\"['top','top','top','top']\" data-voffset=\"['50','50','50','176']\" \n\t\t\t\t\t\tdata-width=\"none\"\n\t\t\tdata-height=\"none\"\n\t\t\tdata-whitespace=\"nowrap\"\n \n\t\t\tdata-type=\"image\" \n\t\t\tdata-responsive_offset=\"on\" \n\n\t\t\tdata-frames='[{\"delay\":360,\"speed\":680,\"frame\":\"0\",\"from\":\"opacity:0;\",\"to\":\"o:1;\",\"ease\":\"Power3.easeInOut\"},{\"delay\":\"wait\",\"speed\":300,\"frame\":\"999\",\"to\":\"opacity:0;\",\"ease\":\"Power3.easeInOut\"}]'\n\t\t\tdata-textAlign=\"['inherit','inherit','inherit','inherit']\"\n\t\t\tdata-paddingtop=\"[0,0,0,0]\"\n\t\t\tdata-paddingright=\"[0,0,0,0]\"\n\t\t\tdata-paddingbottom=\"[0,0,0,0]\"\n\t\t\tdata-paddingleft=\"[0,0,0,0]\"\n\n\t\t\tstyle=\"z-index: 9;\"><img loading=\"lazy\" decoding=\"async\" src=\"https:\/\/iedmariainmaculada.edu.co\/website\/wp-content\/uploads\/2022\/05\/MI-removebg-preview.png\" alt=\"\" data-ww=\"['330px','330px','330px','230px']\" data-hh=\"['507px','507px','507px','352px']\" width=\"260\" height=\"400\" data-no-retina> <\/div>\n\t<\/li>\n<\/ul>\n<div class=\"tp-bannertimer tp-bottom\" style=\"visibility: hidden !important;\"><\/div>\t<\/div>\n<script>var htmlDiv = document.getElementById(\"rs-plugin-settings-inline-css\"); var htmlDivCss=\"\";\r\n\t\t\t\tif(htmlDiv) {\r\n\t\t\t\t\thtmlDiv.innerHTML = htmlDiv.innerHTML + htmlDivCss;\r\n\t\t\t\t}else{\r\n\t\t\t\t\tvar htmlDiv = document.createElement(\"div\");\r\n\t\t\t\t\thtmlDiv.innerHTML = \"<style>\" + htmlDivCss + \"<\/style>\";\r\n\t\t\t\t\tdocument.getElementsByTagName(\"head\")[0].appendChild(htmlDiv.childNodes[0]);\r\n\t\t\t\t}\r\n\t\t\t<\/script>\n\t\t<script type=\"text\/javascript\">\r\nif (setREVStartSize!==undefined) setREVStartSize(\r\n\t{c: '#rev_slider_1_1', responsiveLevels: [1240,1024,778,480], gridwidth: [1300,1100,850,376], gridheight: [650,645,745,645], sliderLayout: 'fullwidth'});\r\n\t\t\t\r\nvar revapi1,\r\n\ttpj;\t\r\n(function() {\t\t\t\r\n\tif (!\/loaded|interactive|complete\/.test(document.readyState)) document.addEventListener(\"DOMContentLoaded\",onLoad); else onLoad();\t\r\n\tfunction onLoad() {\t\t\t\t\r\n\t\tif (tpj===undefined) { tpj = jQuery; if(\"off\" == \"on\") tpj.noConflict();}\r\n\tif(tpj(\"#rev_slider_1_1\").revolution == undefined){\n\t\trevslider_showDoubleJqueryError(\"#rev_slider_1_1\");\n\t}else{\n\t\trevapi1 = tpj(\"#rev_slider_1_1\").show().revolution({\n\t\t\tsliderType:\"hero\",\n\t\t\tjsFileLocation:\"\/\/iedmariainmaculada.edu.co\/website\/wp-content\/plugins\/revslider\/public\/assets\/js\/\",\n\t\t\tsliderLayout:\"fullwidth\",\n\t\t\tdottedOverlay:\"none\",\n\t\t\tdelay:9000,\n\t\t\tresponsiveLevels:[1240,1024,778,480],\n\t\t\tvisibilityLevels:[1240,1024,778,480],\n\t\t\tgridwidth:[1300,1100,850,376],\n\t\t\tgridheight:[650,645,745,645],\n\t\t\tlazyType:\"none\",\n\t\t\tparallax: {\n\t\t\t\ttype:\"mouse\",\n\t\t\t\torigo:\"enterpoint\",\n\t\t\t\tspeed:400,\n\t\t\t\tspeedbg:0,\n\t\t\t\tspeedls:0,\n\t\t\t\tlevels:[5,10,15,20,25,30,35,40,45,46,47,48,49,50,51,55],\n\t\t\t},\n\t\t\tshadow:0,\n\t\t\tspinner:\"spinner3\",\n\t\t\tautoHeight:\"off\",\n\t\t\tdisableProgressBar:\"on\",\n\t\t\thideThumbsOnMobile:\"off\",\n\t\t\thideSliderAtLimit:0,\n\t\t\thideCaptionAtLimit:0,\n\t\t\thideAllCaptionAtLilmit:0,\n\t\t\tdebugMode:false,\n\t\t\tfallbacks: {\n\t\t\t\tsimplifyAll:\"off\",\n\t\t\t\tdisableFocusListener:false,\n\t\t\t}\n\t\t});\n\t}; \/* END OF revapi call *\/\n\t\n }; \/* END OF ON LOAD FUNCTION *\/\r\n}()); \/* END OF WRAPPING FUNCTION *\/\r\n<\/script>\r\n\t\t<script>\r\n\t\t\t\t\tvar htmlDivCss = '\t#rev_slider_1_1_wrapper .tp-loader.spinner3 div { background-color: #FFFFFF !important; } ';\r\n\t\t\t\t\tvar htmlDiv = document.getElementById('rs-plugin-settings-inline-css');\r\n\t\t\t\t\tif(htmlDiv) {\r\n\t\t\t\t\t\thtmlDiv.innerHTML = htmlDiv.innerHTML + htmlDivCss;\r\n\t\t\t\t\t}\r\n\t\t\t\t\telse{\r\n\t\t\t\t\t\tvar htmlDiv = document.createElement('div');\r\n\t\t\t\t\t\thtmlDiv.innerHTML = '<style>' + htmlDivCss + '<\/style>';\r\n\t\t\t\t\t\tdocument.getElementsByTagName('head')[0].appendChild(htmlDiv.childNodes[0]);\r\n\t\t\t\t\t}\r\n\t\t\t\t\t<\/script>\r\n\t\t\t\t\t<\/div><!-- END REVOLUTION SLIDER -->[vc_column_text]<\/p>\n<h2 style=\"text-align: center;\">SIMBOLOS<\/h2>\n<p>[\/vc_column_text][vc_column_text]<\/p>\n<p style=\"text-align: JUSTIFY;\">Los S\u00edmbolos institucionales representan y ponen de manifiesto la identidad de la Instituci\u00f3n Educativa Distrital Mar\u00eda Inmaculada \u00c9stos se componen de: lema, logo, himno, bandera, escudo y uniforme.<\/p>\n<p>[\/vc_column_text][vc_column_text][\/vc_column_text][\/vc_column][\/vc_row][vc_row css_animation=&#8221;&#8221; row_type=&#8221;row&#8221; use_row_as_full_screen_section=&#8221;no&#8221; type=&#8221;grid&#8221; angled_section=&#8221;no&#8221; text_align=&#8221;center&#8221; background_image_as_pattern=&#8221;without_pattern&#8221; padding_top=&#8221;96&#8243; padding_bottom=&#8221;93&#8243; z_index=&#8221;&#8221;][vc_column width=&#8221;1\/3&#8243;][\/vc_column][vc_column width=&#8221;1\/3&#8243;][vc_column_text]<\/p>\n<p style=\"text-align: left;\"><strong>Lema institucional:<\/strong>\u00a0\u201cDIOS, DISCIPLINA Y CULTURA\u201d<\/p>\n<p>[\/vc_column_text][vc_empty_space][vc_column_text]<\/p>\n<p style=\"text-align: left;\"><strong>Logo institucional: <\/strong>Trabajo en Equipo<\/p>\n<p>[\/vc_column_text][vc_empty_space][vc_column_text]<\/p>\n<p style=\"text-align: center;\"><strong>ESCUDO<\/strong><\/p>\n<p>[\/vc_column_text][vc_empty_space][vc_gallery interval=&#8221;3&#8243; images=&#8221;590&#8243; img_size=&#8221;medium&#8221; css_animation=&#8221;appear&#8221;][vc_column_text]<\/p>\n<p style=\"text-align: center;\"><strong>BANDERA<\/strong><\/p>\n<p>[\/vc_column_text][vc_empty_space][vc_column_text]<\/p>\n<p style=\"text-align: center;\"><strong>MASCOTA<\/strong><\/p>\n<p>[\/vc_column_text][vc_empty_space][vc_gallery interval=&#8221;3&#8243; images=&#8221;588&#8243; img_size=&#8221;medium&#8221;][vc_column_text]<\/p>\n<p style=\"text-align: center;\"><strong>HIMNO<\/strong><\/p>\n<p>[\/vc_column_text][vc_empty_space][vc_column_text]Instituci\u00f3n Educativa Distrital<\/p>\n<p>Mar\u00eda Inmaculada<\/p>\n<p>Orgullo de mi regi\u00f3n<\/p>\n<p>Bajo tu amparo oh \u00a1virgen siempre va<\/p>\n<p>En la excelencia marchando al comp\u00e1s.<\/p>\n<p><strong>I<\/strong><\/p>\n<p>Imponente y airoso te presentas,<\/p>\n<p>En Barranquilla tierra de promisi\u00f3n<\/p>\n<p>Fortaleciendo nuestros valores<\/p>\n<p>Construyendo una sociedad mejor<\/p>\n<p>Son tus aulas recintos sagrados<\/p>\n<p>Donde se rinde tributo al saber<\/p>\n<p>Compartimos espacios y experiencias<\/p>\n<p>Uniendo siempre al derecho un deber.<\/p>\n<p><strong><b>Coro<\/b><\/strong><\/p>\n<p><strong><b>II<\/b><\/strong><\/p>\n<p>Gracias maestro por tu gran tes\u00f3n<\/p>\n<p>Y excelente labor por cumplir<\/p>\n<p>Nuestros pasos van firmes al progreso<\/p>\n<p>Por sendas de luz, amor y verdad<\/p>\n<p>Y es por eso que hoy te cantamos<\/p>\n<p>Con el alma un himno de paz<\/p>\n<p>Con amor tu sello llevamos<\/p>\n<p>Tu nombre en alto vamos a dejar.<\/p>\n<p><strong>Coro<\/strong><\/p>\n<p><strong>\u00a0<\/strong><\/p>\n<p><strong>\u00a0<\/strong><\/p>\n<p style=\"text-align: center;\"><strong><b>Autores: Letra: Lic. Ana Ter\u00e1n <\/b><\/strong><\/p>\n<p style=\"text-align: center;\"><strong><b>M\u00fasica: Lic. Franklin Hern\u00e1ndez<\/b><\/strong><\/p>\n<p>[\/vc_column_text][\/vc_column][vc_column width=&#8221;1\/3&#8243;][\/vc_column][\/vc_row]<\/p>\n","protected":false},"excerpt":{"rendered":"<p>[vc_row css_animation=&#8221;&#8221; row_type=&#8221;row&#8221; use_row_as_full_screen_section=&#8221;no&#8221; type=&#8221;grid&#8221; angled_section=&#8221;no&#8221; text_align=&#8221;center&#8221; background_image_as_pattern=&#8221;without_pattern&#8221; padding_top=&#8221;96&#8243; padding_bottom=&#8221;93&#8243; z_index=&#8221;&#8221;][vc_column][vc_column_text] SIMBOLOS [\/vc_column_text][vc_column_text] Los S\u00edmbolos institucionales representan y ponen de manifiesto la identidad de la Instituci\u00f3n Educativa Distrital Mar\u00eda Inmaculada \u00c9stos se componen de: lema, logo, himno, bandera, escudo y uniforme. [\/vc_column_text][vc_column_text][\/vc_column_text][\/vc_column][\/vc_row][vc_row css_animation=&#8221;&#8221; row_type=&#8221;row&#8221; use_row_as_full_screen_section=&#8221;no&#8221;&#8230;<\/p>\n","protected":false},"author":1,"featured_media":0,"parent":0,"menu_order":0,"comment_status":"closed","ping_status":"closed","template":"full_width.php","meta":{"footnotes":""},"class_list":["post-554","page","type-page","status-publish","hentry"],"_links":{"self":[{"href":"https:\/\/iedmariainmaculada.edu.co\/index.php?rest_route=\/wp\/v2\/pages\/554","targetHints":{"allow":["GET"]}}],"collection":[{"href":"https:\/\/iedmariainmaculada.edu.co\/index.php?rest_route=\/wp\/v2\/pages"}],"about":[{"href":"https:\/\/iedmariainmaculada.edu.co\/index.php?rest_route=\/wp\/v2\/types\/page"}],"author":[{"embeddable":true,"href":"https:\/\/iedmariainmaculada.edu.co\/index.php?rest_route=\/wp\/v2\/users\/1"}],"replies":[{"embeddable":true,"href":"https:\/\/iedmariainmaculada.edu.co\/index.php?rest_route=%2Fwp%2Fv2%2Fcomments&post=554"}],"version-history":[{"count":39,"href":"https:\/\/iedmariainmaculada.edu.co\/index.php?rest_route=\/wp\/v2\/pages\/554\/revisions"}],"predecessor-version":[{"id":609,"href":"https:\/\/iedmariainmaculada.edu.co\/index.php?rest_route=\/wp\/v2\/pages\/554\/revisions\/609"}],"wp:attachment":[{"href":"https:\/\/iedmariainmaculada.edu.co\/index.php?rest_route=%2Fwp%2Fv2%2Fmedia&parent=554"}],"curies":[{"name":"wp","href":"https:\/\/api.w.org\/{rel}","templated":true}]}}